4
Let s = 8 - 6. Let b be s/(-8) + 170/8. What is the highest common factor of 3 and b?
3
Let y = 10 + -4. Let l(u) = u**3 - 6*u**2 + 4*u - 2. Let k be l(y). Let a = 17 + -6. What is the greatest common factor of a and k?
11
Let r(w) = -w - 2. Let i be r(-4). Suppose 2*f = -i*f + 48. Suppose 5*l - 8 = 3*n, 2*n - 28 + f = -2*l. Calculate the highest common factor of l and 2.
2
Suppose -21 = -3*r + 45. Let w(m) = m**2 + 4*m + 3. Let v be w(-3). Suppose v*p + 66 = 2*p. Calculate the greatest common divisor of p and r.
11
Let b(y) = y**2 + 2*y - 5. Let l be b(-4). Suppose l*p + 0*p - 270 = 0. What is the greatest common divisor of 10 and p?
10
Let a = 48 + -12. Let y = -60 - -84. What is the highest common divisor of a and y?
12
Suppose -2*h - h + 12 = 0, 4*j = h + 16. Suppose 0 = -3*v, 3*v = j*x + 4*v - 35. Let p = -2 + 3. What is the greatest common factor of x and p?
1
Let k = 2 - 0. Let y be k/1*(-55)/(-10). What is the highest common factor of 55 and y?
11
Let a = 145 - 85. Suppose -i + a + 92 = 0. What is the highest common divisor of i and 19?
19
Let q = 9 - 5. Suppose 4*g - 3*j - 61 = -g, q*j + 30 = 3*g. Calculate the highest common factor of g and 112.
14
Let a be 5/10*4*2. Let x(t) = 3*t. Let i be x(a). What is the greatest common divisor of 84 and i?
12
Suppose 0 = -u - 3*u + 72. Calculate the greatest common divisor of 162 and u.
18
Let s(f) = f + 126. Let i be s(0). Let y(u) = -2*u**2 - 8*u. Let g be y(-7). Let d = i + g. What is the highest common divisor of d and 12?
12
Suppose 12 = 6*z - 2*z. Suppose -2*p + 4*t = -122, -15 = 5*p - z*t - 327. Calculate the highest common divisor of p and 9.
9
Suppose 3 = 2*m - 1. Suppose 5*d - 20 = -m*x, 6*d = d + 2*x. Let w = 3 - d. What is the greatest common factor of w and 1?
1
Let l be (-4 - -10)*15*2. Calculate the greatest common divisor of 20 and l.
20
Let c(s) = 57*s - 21. Let h(d) = 14*d - 5. Let m(f) = -2*c(f) + 9*h(f). Let j be m(4). Let z = 10 + -5. What is the highest common factor of j and z?
5
Let a(v) = -v**3 - 5*v**2 + 3*v + 4. Let f be a(-7). What is the greatest common divisor of 9 and f?
9
Suppose -4*f + 9*f - 50 = 0. Suppose 6*u = 3*u + 6. Calculate the highest common factor of f and u.
2
Let z be (-9)/6 - (-27)/2. Let a(k) = -127*k. Let v be a(1). Let y = -67 - v. What is the greatest common divisor of z and y?
12
Let q(v) = 2*v**2 - 5*v + 3. Let r be q(5). Let z(a) = -a - 1. Let n be z(-5). Calculate the greatest common divisor of r and n.
4
Suppose 6*r - 363 = -3. Calculate the greatest common divisor of 36 and r.
12
Suppose 0 = -2*h + 16 + 56. Suppose -4*r + 47 = 5*i - 12, 3*r + i - h = 0. What is the greatest common divisor of 1 and r?
1
Let m be (-17 - -2)*18/(-5). Suppose -8*y + 189 = 45. What is the greatest common divisor of m and y?
18
Let m be 9 + (-9)/6*2. Let g be (6/(-8))/(m/(-192)). Calculate the greatest common divisor of 72 and g.
24
Let z be 30*9/3 + -2. Calculate the greatest common divisor of z and 11.
11
Let i(y) = 5*y**2 - 2*y - 3. Suppose 8 = 2*h - 2. Let u be i(h). Calculate the greatest common factor of 16 and u.
16
Let m(d) = 5*d**2 + 0 + 2*d**2 + d**3 + 2*d - 3 - 2*d**2. Let q be m(-4). Let t be 825/q + 6/(-2). Calculate the greatest common divisor of 18 and t.
18
Let c be (45/(-4))/((-4)/112). Calculate the greatest common divisor of 35 and c.
35
Let w(y) = y**3 - 5*y**2 - 3*y + 6. Let v be w(6). Calculate the highest common divisor of v and 3.
3
Suppose 102*u = 103*u - 24. What is the greatest common divisor of 3 and u?
3
Suppose 5*r + 2*m = 20, r = -r - 4*m + 24. Let x(l) = 4*l**3 + l**2 - 4*l - 7*l**r - 5*l**3. Let f be x(-6). Calculate the greatest common factor of 60 and f.
12
Suppose 101 + 59 = 5*x. Let w be 1/(241/80 + -3). What is the greatest common factor of x and w?
16
Let j(p) = 151*p**2 + 2*p - 1. Suppose -3*c = -c - 2. Let n be j(c). Suppose 38 = -z + 3*z. Calculate the highest common factor of z and n.
19
Let i(j) = -j**2 - 9*j - 10. Let x be i(-7). Let f(w) = -x - 2*w**2 - 2 + w + 3*w**2. Let a be f(6). What is the greatest common divisor of 12 and a?
12
Let p(o) = 2*o**3 + 3*o - 2. Let u be p(2). What is the greatest common factor of u and 5?
5
Let q(h) = h + 6. Let i be q(6). Calculate the greatest common divisor of 12 and i.
12
Suppose -4*n - 25 + 93 = 0. What is the greatest common factor of 51 and n?
17
Suppose m + 0*m - 554 = 0. Suppose 218 = -4*x + m. Let t be 2*4/(-6)*-9. What is the highest common divisor of t and x?
12
Suppose 5*w - 81 - 10 = -2*k, -5*w = k - 43. Calculate the greatest common factor of k and 12.
12
Suppose 0 = -5*g + 183 - 3. What is the greatest common factor of g and 54?
18
Let u be 3*((-19)/(-3) - 3). Calculate the greatest common factor of 2 and u.
2
Let b = 36 - 23. Suppose 8*h - 10*h + 2860 = 0. Let y be (h/30)/(2/6). Calculate the greatest common factor of y and b.
13
Suppose -525 = -3*f - p, 8 - 358 = -2*f + 5*p. What is the highest common factor of f and 35?
35
Suppose 4*p + 54 = 198. Calculate the greatest common divisor of p and 18.
18
Suppose v + x - 8 = -0*v, -4*v = -4*x. Let z be (-6)/9 - v/(-6). Suppose z - 4 = -p. What is the highest common divisor of p and 20?
4
Suppose -g + 5*g - 4*t = 380, -5*t = 4*g - 371. What is the highest common factor of 141 and g?
47
Suppose 3*y + y = 0. Let v = 5 + y. Suppose 0*r - 7 = -r - 3*p, 4*r + p - 39 = 0. What is the highest common factor of v and r?
5
Let b be (2 - 0)/(-6)*-147. Suppose -124 = 3*u - b. Let m = -17 - u. What is the highest common factor of 4 and m?
4
Let v(i) = i**3 - 2*i**2 - 3*i + 4. Let b be v(4). Let n = b - -3. What is the greatest common factor of 9 and n?
9
Let q = 7 + 33. Suppose 7*d - 3*d = q. What is the highest common factor of d and 40?
10
Suppose a - 6 - 10 = 0. Let f = a + 26. Calculate the highest common divisor of 6 and f.
6
Let j = 7 + -2. Let w(o) = -5*o**3 - 2*o**2 - o. Let m be w(-1). Suppose 2*z - m + 0 = 0. What is the highest common divisor of j and z?
1
Suppose 2*i - 92 = -2*i. Let p(y) = y**3 - 5*y**2 - 2. Let t be p(5). Let s be ((-276)/15)/(t/5). What is the greatest common factor of s and i?
23
Let p(h) = h - 1. Let t be p(-1). Let o be ((-286)/2 - t)*1. Let i = 27 - o. Calculate the greatest common divisor of 24 and i.
24
Suppose -33 = -5*x + 2*x. Let f be 2/(-4)*0 - (-83 + 39). Calculate the greatest common divisor of x and f.
11
Let p = 11 + -7. Suppose 225 = -p*c + 1089. Calculate the greatest common divisor of 24 and c.
24
Suppose -3*h + 9 = 0, -n + 4*h - 12 = -2*n. Let y be -4 - -2 - -12 - n. Suppose g + 330 = 4*g. What is the highest common divisor of g and y?
10
Let b(i) = -i**3 + 10*i**2 - 6*i + 8. Let h be b(9). Suppose -5*d = -0*d - h. What is the greatest common divisor of 28 and d?
7
Suppose -3*k + o = -k - 13, 2*k + 12 = -4*o. What is the highest common divisor of 10 and k?
2
Suppose 5*x - 295 = -5*u, 275 - 16 = 5*x - 4*u. Calculate the greatest common divisor of 5 and x.
5
Suppose -5*j - 2*v - 3 = -118, 0 = 2*v - 10. What is the greatest common divisor of 147 and j?
21
Let v = -31 - -37. Suppose 0 = -3*m + 3. Let z be (m - (0 - -1)) + 66. What is the greatest common divisor of v and z?
6
Suppose 66 = -7*r + 262. Calculate the highest common factor of r and 280.
28
Let l(s) = -58*s + 2. Let j be l(-1). Calculate the highest common factor of j and 12.
12
Let b(p) = -p**3 + 6*p**2 - p + 7. Let y be b(6). Let c be y/(3/(-6)) + 16. What is the highest common divisor of 14 and c?
14
Let v be (((-3)/(-2))/(-3))/((-7)/70). Calculate the greatest common divisor of v and 2.
1
Let s = -10 + 24. Calculate the highest common factor of 112 and s.
14
Suppose o - 3 = 3. Let n = o + -5. What is the highest common divisor of 1 and n?
1
Suppose -i - w + 20 = 0, -4*i + 76 = 4*w + w. Let m = 31 + -19. Calculate the greatest common divisor of i and m.
12
Let r = -1 + 1. Let t = r - -2. Let k = -39 + 43. What is the highest common divisor of t and k?
2
Let v(j) = 2*j**2 - j - 10. Let n be v(-7). Let s be (-2)/6 - (-230)/6. What is the greatest common divisor of n and s?
19
Let j = 64 - 58. Suppose d - 2*h - 3*h + 22 = 0, -2*h - 15 = 3*d. Let v(u) = u**3 + 7*u**2 + 6. Let a be v(d). Calculate the greatest common divisor of a and j.
6
Let p(v) = -v + 1. Let r be p(-10). Calculate the highest common factor of 33 and r.